{"id":39,"date":"2024-04-06T17:03:29","date_gmt":"2024-04-06T17:03:29","guid":{"rendered":"https:\/\/www.storyteller-film.com\/?page_id=39"},"modified":"2024-04-06T17:14:34","modified_gmt":"2024-04-06T17:14:34","slug":"feuer","status":"publish","type":"page","link":"https:\/\/www.storyteller-film.com\/?page_id=39","title":{"rendered":"Feuer"},"content":{"rendered":"\n<p class=\"has-medium-font-size\"><strong>Die Handlung<\/strong><\/p>\n\n\n\n<p>Die magische Welt Shyrajan wird von Lerayk, Gebieterin \u00fcber das &#8220;Dunkle Feuer&#8221; bedroht. Alina, die Tochter der K\u00f6nigin, die als kleines Kind unsere Welt geschickt wurde, kommt durch einen Zufall zur\u00fcck, ohne Wissen um ihre wahre Herkunft. Als K\u00f6nigin von Shyrajan ist sie die Einzige, die Lerayk besiegen kann&#8230;<\/p>\n\n\n\n<p class=\"has-medium-font-size\"><strong>Das Projekt<\/strong><\/p>\n\n\n\n<p>Ostern 2008. Es ist kalt, die Kost\u00fcme nicht ganz Wettergem\u00e4\u00df, und selbiges ist uns nicht gerade wohlgesonnen. Zwei Wochen sp\u00e4ter folgt ein Nachdreh, um die Szenen, die sich aufgrund von Schneef\u00e4llen nicht ausgegangen sind, nachzuholen.<\/p>\n\n\n\n<p>Trotz allem waren die Dreharbeiten sehr erfolgreich, und die v\u00f6llig neue Ausr\u00fcstung sowie die Erfahrungen vom ersten Projekt haben unsere Aufnahmen auf eine neue Stufe gehoben.<\/p>\n","protected":false},"excerpt":{"rendered":"<p>Die Handlung Die magische Welt Shyrajan wird von Lerayk, Gebieterin \u00fcber das &#8220;Dunkle Feuer&#8221; bedroht. Alina, die Tochter der K\u00f6nigin, die als kleines Kind unsere Welt geschickt wurde, kommt durch einen Zufall zur\u00fcck, ohne Wissen um ihre wahre Herkunft. Als K\u00f6nigin von Shyrajan ist sie die Einzige, die Lerayk besiegen kann&#8230; Das Projekt Ostern 2008. [&hellip;]<\/p>\n","protected":false},"author":1,"featured_media":0,"parent":0,"menu_order":0,"comment_status":"closed","ping_status":"closed","template":"","meta":{"footnotes":""},"class_list":["post-39","page","type-page","status-publish","hentry"],"yoast_head":"<!-- This site is optimized with the Yoast SEO plugin v26.8 - https:\/\/yoast.com\/product\/yoast-seo-wordpress\/ -->\n<title>Feuer - Storyteller Film<\/title>\n<meta name=\"robots\" content=\"index, follow, max-snippet:-1, max-image-preview:large, max-video-preview:-1\" \/>\n<link rel=\"canonical\" href=\"https:\/\/www.storyteller-film.com\/?page_id=39\" \/>\n<meta property=\"og:locale\" content=\"en_US\" \/>\n<meta property=\"og:type\" content=\"article\" \/>\n<meta property=\"og:title\" content=\"Feuer - Storyteller Film\" \/>\n<meta property=\"og:description\" content=\"Die Handlung Die magische Welt Shyrajan wird von Lerayk, Gebieterin \u00fcber das &#8220;Dunkle Feuer&#8221; bedroht. Alina, die Tochter der K\u00f6nigin, die als kleines Kind unsere Welt geschickt wurde, kommt durch einen Zufall zur\u00fcck, ohne Wissen um ihre wahre Herkunft. Als K\u00f6nigin von Shyrajan ist sie die Einzige, die Lerayk besiegen kann&#8230; Das Projekt Ostern 2008. [&hellip;]\" \/>\n<meta property=\"og:url\" content=\"https:\/\/www.storyteller-film.com\/?page_id=39\" \/>\n<meta property=\"og:site_name\" content=\"Storyteller Film\" \/>\n<meta property=\"article:modified_time\" content=\"2024-04-06T17:14:34+00:00\" \/>\n<meta name=\"twitter:card\" content=\"summary_large_image\" \/>\n<meta name=\"twitter:label1\" content=\"Est. reading time\" \/>\n\t<meta name=\"twitter:data1\" content=\"1 minute\" \/>\n<script type=\"application\/ld+json\" class=\"yoast-schema-graph\">{\"@context\":\"https:\/\/schema.org\",\"@graph\":[{\"@type\":\"WebPage\",\"@id\":\"https:\/\/www.storyteller-film.com\/?page_id=39\",\"url\":\"https:\/\/www.storyteller-film.com\/?page_id=39\",\"name\":\"Feuer - Storyteller Film\",\"isPartOf\":{\"@id\":\"https:\/\/www.storyteller-film.com\/#website\"},\"datePublished\":\"2024-04-06T17:03:29+00:00\",\"dateModified\":\"2024-04-06T17:14:34+00:00\",\"breadcrumb\":{\"@id\":\"https:\/\/www.storyteller-film.com\/?page_id=39#breadcrumb\"},\"inLanguage\":\"en-US\",\"potentialAction\":[{\"@type\":\"ReadAction\",\"target\":[\"https:\/\/www.storyteller-film.com\/?page_id=39\"]}]},{\"@type\":\"BreadcrumbList\",\"@id\":\"https:\/\/www.storyteller-film.com\/?page_id=39#breadcrumb\",\"itemListElement\":[{\"@type\":\"ListItem\",\"position\":1,\"name\":\"Home\",\"item\":\"https:\/\/www.storyteller-film.com\/\"},{\"@type\":\"ListItem\",\"position\":2,\"name\":\"Feuer\"}]},{\"@type\":\"WebSite\",\"@id\":\"https:\/\/www.storyteller-film.com\/#website\",\"url\":\"https:\/\/www.storyteller-film.com\/\",\"name\":\"Storyteller Film\",\"description\":\"\",\"publisher\":{\"@id\":\"https:\/\/www.storyteller-film.com\/#organization\"},\"potentialAction\":[{\"@type\":\"SearchAction\",\"target\":{\"@type\":\"EntryPoint\",\"urlTemplate\":\"https:\/\/www.storyteller-film.com\/?s={search_term_string}\"},\"query-input\":{\"@type\":\"PropertyValueSpecification\",\"valueRequired\":true,\"valueName\":\"search_term_string\"}}],\"inLanguage\":\"en-US\"},{\"@type\":\"Organization\",\"@id\":\"https:\/\/www.storyteller-film.com\/#organization\",\"name\":\"Storyteller Film\",\"url\":\"https:\/\/www.storyteller-film.com\/\",\"logo\":{\"@type\":\"ImageObject\",\"inLanguage\":\"en-US\",\"@id\":\"https:\/\/www.storyteller-film.com\/#\/schema\/logo\/image\/\",\"url\":\"https:\/\/www.storyteller-film.com\/wp-content\/uploads\/2024\/04\/cropped-Logo_weis_150px.png\",\"contentUrl\":\"https:\/\/www.storyteller-film.com\/wp-content\/uploads\/2024\/04\/cropped-Logo_weis_150px.png\",\"width\":150,\"height\":150,\"caption\":\"Storyteller Film\"},\"image\":{\"@id\":\"https:\/\/www.storyteller-film.com\/#\/schema\/logo\/image\/\"}}]}<\/script>\n<!-- \/ Yoast SEO plugin. -->","yoast_head_json":{"title":"Feuer - Storyteller Film","robots":{"index":"index","follow":"follow","max-snippet":"max-snippet:-1","max-image-preview":"max-image-preview:large","max-video-preview":"max-video-preview:-1"},"canonical":"https:\/\/www.storyteller-film.com\/?page_id=39","og_locale":"en_US","og_type":"article","og_title":"Feuer - Storyteller Film","og_description":"Die Handlung Die magische Welt Shyrajan wird von Lerayk, Gebieterin \u00fcber das &#8220;Dunkle Feuer&#8221; bedroht. Alina, die Tochter der K\u00f6nigin, die als kleines Kind unsere Welt geschickt wurde, kommt durch einen Zufall zur\u00fcck, ohne Wissen um ihre wahre Herkunft. Als K\u00f6nigin von Shyrajan ist sie die Einzige, die Lerayk besiegen kann&#8230; Das Projekt Ostern 2008. [&hellip;]","og_url":"https:\/\/www.storyteller-film.com\/?page_id=39","og_site_name":"Storyteller Film","article_modified_time":"2024-04-06T17:14:34+00:00","twitter_card":"summary_large_image","twitter_misc":{"Est. reading time":"1 minute"},"schema":{"@context":"https:\/\/schema.org","@graph":[{"@type":"WebPage","@id":"https:\/\/www.storyteller-film.com\/?page_id=39","url":"https:\/\/www.storyteller-film.com\/?page_id=39","name":"Feuer - Storyteller Film","isPartOf":{"@id":"https:\/\/www.storyteller-film.com\/#website"},"datePublished":"2024-04-06T17:03:29+00:00","dateModified":"2024-04-06T17:14:34+00:00","breadcrumb":{"@id":"https:\/\/www.storyteller-film.com\/?page_id=39#breadcrumb"},"inLanguage":"en-US","potentialAction":[{"@type":"ReadAction","target":["https:\/\/www.storyteller-film.com\/?page_id=39"]}]},{"@type":"BreadcrumbList","@id":"https:\/\/www.storyteller-film.com\/?page_id=39#breadcrumb","itemListElement":[{"@type":"ListItem","position":1,"name":"Home","item":"https:\/\/www.storyteller-film.com\/"},{"@type":"ListItem","position":2,"name":"Feuer"}]},{"@type":"WebSite","@id":"https:\/\/www.storyteller-film.com\/#website","url":"https:\/\/www.storyteller-film.com\/","name":"Storyteller Film","description":"","publisher":{"@id":"https:\/\/www.storyteller-film.com\/#organization"},"potentialAction":[{"@type":"SearchAction","target":{"@type":"EntryPoint","urlTemplate":"https:\/\/www.storyteller-film.com\/?s={search_term_string}"},"query-input":{"@type":"PropertyValueSpecification","valueRequired":true,"valueName":"search_term_string"}}],"inLanguage":"en-US"},{"@type":"Organization","@id":"https:\/\/www.storyteller-film.com\/#organization","name":"Storyteller Film","url":"https:\/\/www.storyteller-film.com\/","logo":{"@type":"ImageObject","inLanguage":"en-US","@id":"https:\/\/www.storyteller-film.com\/#\/schema\/logo\/image\/","url":"https:\/\/www.storyteller-film.com\/wp-content\/uploads\/2024\/04\/cropped-Logo_weis_150px.png","contentUrl":"https:\/\/www.storyteller-film.com\/wp-content\/uploads\/2024\/04\/cropped-Logo_weis_150px.png","width":150,"height":150,"caption":"Storyteller Film"},"image":{"@id":"https:\/\/www.storyteller-film.com\/#\/schema\/logo\/image\/"}}]}},"_links":{"self":[{"href":"https:\/\/www.storyteller-film.com\/index.php?rest_route=\/wp\/v2\/pages\/39","targetHints":{"allow":["GET"]}}],"collection":[{"href":"https:\/\/www.storyteller-film.com\/index.php?rest_route=\/wp\/v2\/pages"}],"about":[{"href":"https:\/\/www.storyteller-film.com\/index.php?rest_route=\/wp\/v2\/types\/page"}],"author":[{"embeddable":true,"href":"https:\/\/www.storyteller-film.com\/index.php?rest_route=\/wp\/v2\/users\/1"}],"replies":[{"embeddable":true,"href":"https:\/\/www.storyteller-film.com\/index.php?rest_route=%2Fwp%2Fv2%2Fcomments&post=39"}],"version-history":[{"count":1,"href":"https:\/\/www.storyteller-film.com\/index.php?rest_route=\/wp\/v2\/pages\/39\/revisions"}],"predecessor-version":[{"id":40,"href":"https:\/\/www.storyteller-film.com\/index.php?rest_route=\/wp\/v2\/pages\/39\/revisions\/40"}],"wp:attachment":[{"href":"https:\/\/www.storyteller-film.com\/index.php?rest_route=%2Fwp%2Fv2%2Fmedia&parent=39"}],"curies":[{"name":"wp","href":"https:\/\/api.w.org\/{rel}","templated":true}]}}